ivisor of 360 and 10?
10
What is the greatest common factor of 1064 and 448?
56
What is the greatest common factor of 468 and 104?
52
What is the highest common divisor of 80 and 100?
20
Calculate the greatest common factor of 60 and 4060.
20
What is the highest common factor of 1389 and 3?
3
Calculate the highest common factor of 110 and 770.
110
Calculate the highest common divisor of 100 and 225.
25
What is the greatest common divisor of 2 and 177?
1
What is the highest common divisor of 989 and 46?
23
Calculate the greatest common factor of 11247 and 69.
69
Calculate the highest common factor of 41 and 5.
1
What is the greatest common factor of 3016 and 174?
58
Calculate the greatest common factor of 795 and 105.
15
Calculate the greatest common factor of 200 and 72.
8
Calculate the greatest common factor of 39 and 169.
13
What is the greatest common factor of 1007 and 477?
53
Calculate the greatest common factor of 77 and 99.
11
What is the greatest common factor of 243 and 207?
9
What is the highest common divisor of 126 and 399?
21
Calculate the highest common divisor of 770 and 616.
154
What is the greatest common factor of 18 and 927?
9
What is the highest common factor of 52 and 188?
4
Calculate the greatest common divisor of 8 and 16.
8
What is the greatest common factor of 504 and 1092?
84
What is the highest common divisor of 12 and 20?
4
What is the greatest common factor of 1040 and 1755?
65
Calculate the greatest common divisor of 840 and 315.
105
Calculate the highest common factor of 1881 and 396.
99
What is the highest common factor of 30 and 200?
10
What is the highest common divisor of 1272 and 6?
6
What is the highest common divisor of 91 and 28?
7
What is the greatest common divisor of 36 and 46?
2
Calculate the highest common factor of 6 and 34.
2
Calculate the greatest common factor of 2406 and 6.
6
What is the greatest common factor of 3634 and 184?
46
Calculate the highest common divisor of 182 and 420.
14
Calculate the highest common factor of 83 and 83.
83
What is the greatest common divisor of 4330 and 30?
10
Calculate the highest common divisor of 324 and 72.
36
What is the greatest common factor of 25 and 3755?
5
What is the highest common factor of 57 and 2432?
19
Calculate the greatest common factor of 17 and 136.
17
Calculate the greatest common divisor of 90 and 500.
10
Calculate the greatest common divisor of 1944 and 81.
81
Calculate the greatest common factor of 49856 and 19.
19
What is the highest common factor of 72 and 168?
24
What is the highest common factor of 954 and 54?
18
What is the greatest common divisor of 819 and 4212?
117
What is the highest common factor of 8547 and 21?
21
What is the highest common factor of 12 and 516?
12
Calculate the greatest common factor of 238 and 17.
17
Calculate the highest common divisor of 45 and 360.
45
What is the greatest common factor of 10 and 4330?
10
What is the highest common divisor of 43 and 2795?
43
What is the greatest common divisor of 2288 and 32?
16
What is the highest common factor of 2856 and 6?
6
Calculate the highest common divisor of 9783 and 12.
3
What is the highest common factor of 141 and 27?
3
What is the greatest common factor of 68 and 357?
17
Calculate the greatest common divisor of 24 and 1272.
24
What is the greatest common factor of 444 and 66156?
444
What is the greatest common factor of 18 and 234?
18
What is the highest common divisor of 1 and 3?
1
Calculate the highest common factor of 14 and 126.
14
What is the greatest common divisor of 23 and 2599?
23
Calculate the highest common divisor of 1 and 43.
1
Calculate the highest common divisor of 1925 and 154.
77
Calculate the highest common divisor of 328 and 12.
4
What is the greatest common divisor of 45 and 387?
9
Calculate the highest common divisor of 26 and 481.
13
Calculate the greatest common divisor of 14130 and 5.
5
Calculate the greatest common divisor of 27 and 3429.
27
Calculate the highest common factor of 3722 and 2.
2
What is the highest common factor of 3225 and 150?
75
Calculate the highest common factor of 5 and 1440.
5
Calculate the greatest common divisor of 21 and 15.
3
What is the greatest common factor of 4427 and 19?
19
Calculate the highest common divisor of 846 and 235.
47
Calculate the highest common factor of 4920 and 120.
120
Calculate the highest common factor of 3 and 18609.
3
Calculate the greatest common factor of 20 and 230.
10
What is the greatest common divisor of 16 and 796?
4
What is the highest common divisor of 1178 and 124?
62
Calculate the highest common divisor of 25 and 1975.
25
Calculate the greatest common divisor of 296 and 1628.
148
Calculate the greatest common factor of 131 and 9301.
131
Calculate the highest common factor of 5 and 1215.
5
Calculate the highest common divisor of 12 and 12.
12
Calculate the highest common divisor of 328 and 41.
41
Calculate the highest common factor of 1309 and 14.
7
Calculate the greatest common factor of 13 and 25.
1
Calculate the highest common divisor of 18261 and 27.
9
What is the greatest common factor of 1264 and 32?
16
What is the highest common factor of 17 and 47923?
17
What is the highest common factor of 69 and 299?
23
What is the highest common factor of 346 and 173?
173
Calculate the highest common divisor of 424 and 8.
8
Calculate the highest common factor of 392 and 8.
8
Calculate the greatest common factor of 12766 and 26.
26
Calculate the greatest common divisor of 156 and 117.
39
Calculate the greatest common divisor of 44 and 33.
11
What is the highest common divisor of 100785 and 15?
15
Calculate the greatest common factor of 440 and 80.
40
Calculate the greatest common divisor of 147 and 6.
3
What is the greatest common factor of 72 and 7608?
24
Calculate the highest common factor of 262 and 2.
2
Calculate the highest common divisor of 25417 and 14.
7
What is the highest common factor of 228 and 492?
12
What is the highest common factor of 178 and 10?
2
Calculate the highest common divisor of 15 and 1125.
15
What is the greatest common factor of 59 and 2?
1
What is the highest common factor of 465 and 93?
93
Calculate the highest common factor of 27 and 1.
1
Calculate the greatest common divisor of 7990 and 34.
34
Calculate the highest common factor of 18 and 162.
18
What is the highest common divisor of 10237 and 29?
29
Calculate the greatest common factor of 12593 and 49.
49
What is the greatest common divisor of 81 and 135?
27
Calculate the greatest common divisor of 15 and 795.
15
Calculate the highest common divisor of 208 and 26.
26
Calculate the highest common factor of 81 and 4635.
9
Calculate the greatest common factor of 2358 and 42.
6
What is the highest common factor of 90 and 10?
10
What is the highest common factor of 202 and 505?
101
What is the highest common divisor of 6346 and 38?
38
Calculate the highest common factor of 133 and 38.
19
What is the greatest common factor of 7238 and 2002?
154
What is the highest common divisor of 91 and 26?
13
Calculate the highest common divisor of 25 and 475.
25
What is the highest common divisor of 104 and 4472?
104
Calculate the greatest common divisor of 11 and 32252.
11
What is the highest common divisor of 259 and 7?
7
Calculate the highest common factor of 385 and 2145.
55
Calculate the highest common factor of 56 and 70.
14
What is the highest common divisor of 10 and 15880?
10
What is the highest common divisor of 1274 and 338?
26
What is the greatest common divisor of 575 and 345?
115
Calculate the greatest common divisor of 81 and 3483.
81
What is the highest common divisor of 24 and 984?
24
What is the highest common factor of 1140 and 90?
30
Calculate the greatest common factor of 253 and 11.
11
What is the greatest common divisor of 465 and 93?
93
What is the greatest common divisor of 8032 and 32?
32
Calculate the highest common divisor of 1692 and 752.
188
Calculate the highest common divisor of 368 and 23.
23
What is the highest common divisor of 1328 and 16?
16
Calculate the highest common divisor of 294 and 126.
42
What is the greatest common divisor of 1536 and 39?
3
What is the greatest common divisor of 588 and 24?
12
Calculate the greatest common factor of 8466 and 34.
34
Calculate the greatest 